 greatest common factor of 132 and o?
12
Let j(v) = v**3 - 12*v**2 - 17*v + 63. Let k be j(13). What is the greatest common factor of 407 and k?
11
Let o = 16 - 3. Let c(w) = -w + 78. Let u be c(0). Suppose 3*l = -0*t - 3*t + u, 5*t - 5*l = 130. Calculate the greatest common divisor of t and o.
13
Suppose -p + 14*p = 1469. What is the highest common factor of 113 and p?
113
Let u = -3135 + 3207. Calculate the highest common factor of u and 2232.
72
Let z be ((-1)/((-2)/68))/((-188)/(-5546)). What is the highest common divisor of z and 59?
59
Let s be 1 - (-1 - (-12)/(-3)). Let x be 244/10 - s/15. Suppose -96*i = -88*i - 288. What is the greatest common divisor of i and x?
12
Let b(r) = -7*r + 10*r - 10 - 2*r. Let k be b(8). Let c = 32 + k. Calculate the highest common factor of c and 75.
15
Let b be 4/4 + 3 + 2. Let o(m) = m**2 - 9*m - 3. Let x be o(b). Let q be (-4)/(-6) + (-91)/x. Calculate the highest common factor of 40 and q.
5
Let x be 7*5 + (-2 - -3). Suppose -2*p = 15 - 23. Suppose c + 8 = 5*g, p*c + 20 = 6*c - g. Calculate the highest common factor of c and x.
12
Suppose -4*z - 4*k + 28 = 0, -2*z = -k - 2 + 3. Suppose 4*u - 474 = 3*m, 0 = -u - z*u - 2*m + 347. What is the greatest common divisor of u and 9?
9
Let s(f) = f**3 + 5*f**2 - 27*f - 12. Let n be s(-8). Suppose 4*k + 2*l - 62 = -k, 3*l - 3 = 0. Calculate the highest common factor of n and k.
12
Suppose 37 = 3*c - 11. Suppose 53*r = 56*r - 3*z - 72, -4*r - 5*z = -96. What is the greatest common divisor of c and r?
8
Suppose -10 = -2*o + 6. Let y = o + -5. Let m be (-4)/(-26) - 5/(130/(-22)). Calculate the highest common divisor of y and m.
1
Let x be (-1 - 4/(-6))*-171. Let t = 104 + -58. Let p = -27 + t. Calculate the greatest common factor of x and p.
19
Let l = -13 - -21. Suppose -5*s - l = -48. Calculate the greatest common divisor of s and 40.
8
Let w(j) = -2*j - 4. Let s be w(-2). Suppose s = 2*b - 5*b. Suppose 57 = 4*x + k, -3*k + b*k - 25 = -2*x. Calculate the greatest common factor of x and 35.
7
Suppose -5*g - 2*l = -5 - 7, -4*g = -2*l - 6. Let b be g + -1 - 96/(-4 - 0). Calculate the highest common factor of 50 and b.
25
Let y = -26 - -30. Let l be y/(-18) - 438/(-27). Suppose 2*m = -0*m + 256. What is the highest common factor of l and m?
16
Let r(v) = -6*v - 22. Let i be r(-7). Let b(j) = -j**2 - 7*j - 1. Let y be b(-6). What is the highest common factor of y and i?
5
Let p(s) = -s**3 + 8*s**2 - 8*s + 6. Let o be p(7). Let w(h) = 35*h**3 + h. Let a be w(o). Let n = 56 + a. Calculate the greatest common divisor of n and 30.
10
Suppose -1923 - 1437 = -32*q. Calculate the greatest common factor of 9 and q.
3
Let f be (30547/(-33) - 12)*-3. What is the greatest common factor of f and 29?
29
Let m = -14 + 8. Let u(w) = -w**3 - 5*w**2 + w + 6. Let v be u(m). Calculate the greatest common divisor of 396 and v.
36
Suppose 3*o = 5*v + 232, 9*v + 68 = o + 5*v. Calculate the greatest common factor of 24 and o.
12
Suppose -1030 = -5*b - 155. Let c = -113 + 183. What is the greatest common divisor of c and b?
35
Suppose 0 = 3*j + 576 + 537. Let f = -259 - j. Calculate the greatest common divisor of f and 7.
7
Suppose 2*a - 618 = -3*y, -4*y = -8*y - 8. Calculate the highest common divisor of 234 and a.
78
Let k = 32 + 33. Suppose 0 = -4*v + 20. What is the greatest common divisor of k and v?
5
Suppose 0*j + j + 229 = 4*b, -4*b + 3*j = -239. What is the highest common divisor of 252 and b?
28
Suppose -1 = -3*v - 10. Let g = 6 + -7. Let a be 2 - (g + 3/v). What is the highest common divisor of 4 and a?
4
Suppose -451 - 314 = -17*p. Suppose -2 = -2*n + 5*q - q, -47 = -3*n - 5*q. Calculate the greatest common factor of p and n.
9
Suppose -16 = -2*o + 22. Suppose -1273 = -39*s - 28*s. What is the greatest common divisor of o and s?
19
Suppose -48 = -2*s + y, 0*s - 108 = -4*s - y. Let d = s - 18. What is the greatest common divisor of 8 and d?
8
Let b be (-9)/18*2*-275. Calculate the highest common factor of 220 and b.
55
Let x(s) = -78*s**2 - s + 1. Let k be x(1). Let y be 5 - k - 2/(-2). What is the highest common divisor of y and 12?
12
Suppose 3 - 333 = -3*o. Suppose 5*z - 59 = -3*m, 184*m - 181*m = 3*z - 21. Calculate the greatest common factor of o and z.
10
Suppose 3*i = 6*i - 132. What is the highest common divisor of i and 44?
44
Let u be 170 + 6/(-10) + (-84)/60. Calculate the greatest common factor of u and 63.
21
Let q be 6 + (-1 - 6 - 1) - -6. Calculate the greatest common factor of 484 and q.
4
Suppose 4*q + i = 201, -9*q = -13*q - 2*i + 198. Calculate the highest common factor of q and 1275.
51
Suppose -6*q - 50 = -1400. Calculate the greatest common divisor of 45 and q.
45
Let h = 8 + -2. Suppose 0 = h*a - 10*a + 20. Suppose 2*f - a*f + 90 = 0. Calculate the highest common factor of f and 270.
30
Let p = 69 + -158. Let c = 124 + p. Calculate the highest common factor of c and 7.
7
Let v be 8/(-12) + 292/6. Let k be 20/(-3)*v/(-64). Calculate the highest common divisor of 10 and k.
5
Let f be (-2)/(-6)*6 + 70. Suppose -5*a = 4*z - f, 5*z - 49 = 2*a + 2*a. Calculate the highest common divisor of 26 and z.
13
Let c(a) = 13*a - 1 + 9*a**2 + 3*a**3 - 4 - 3 - 4*a**3. Let i be c(10). Let m = -180 + 378. What is the greatest common factor of i and m?
22
Suppose 15 = u - 4*w - 18, w = -4. Let l = -1543 + 1730. Calculate the greatest common divisor of l and u.
17
Suppose 3*p - 8 = 4. Suppose -8 = -4*s, 0*s + 422 = p*y + s. Calculate the greatest common divisor of 42 and y.
21
Suppose 2*y = 4*n + 1028, -5*n + 328 = 2*y - 664. Suppose 0*t - 4*x = 5*t - y, -5*t + 4*x + 514 = 0. Calculate the highest common divisor of 6 and t.
6
Suppose 7*l - 1560 = 2*l. Suppose -3*f = -l - 63. Suppose -5*v + f = -w + 48, -3*v = -w - 47. Calculate the highest common factor of v and 60.
15
Let n = 1 + -4. Let z be (-54)/(-12)*(-412)/n. Let u = z - 386. Calculate the greatest common divisor of 29 and u.
29
Let s be ((-9)/12)/((-141)/94)*190. Let w(k) = 7*k - 2. Let p be w(3). What is the highest common factor of s and p?
19
Let t be (-1 + (-14)/(-6))/((-46)/(-483)). What is the greatest common divisor of t and 350?
14
Suppose 5*t - n - 3245 = 0, -2*t = -6*n + n - 1321. What is the highest common divisor of 24 and t?
24
Let m(a) = 3*a**2 + 88*a - 76. Let t be m(-50). What is the highest common divisor of t and 21?
21
Suppose 0 = x - 5*d - 30, 2*x - 4*d = -d + 46. Let p(k) = 9*k**2 + k - 4. Let u be p(-2). Let j be 26/3 - x/u. What is the greatest common divisor of j and 8?
8
Let c be (2 + -12 - -4)*(-273)/14. Let a(n) = 3*n**2 + 2*n - 3. Let x be a(2). What is the highest common divisor of c and x?
13
Suppose -33*f + 829 = -32*f + l, 2*f - 2*l - 1646 = 0. What is the highest common divisor of 7 and f?
7
Let v(r) = -r + 2. Let z(s) = s - 5. Let m(i) = -5*v(i) - 3*z(i). Let w be m(3). Let f be (-2)/((-24)/w - -2). What is the greatest common divisor of 22 and f?
11
Let q(m) = m**2 - 6*m + 1. Let o = 18 - 25. Let c = -1 - o. Let p be q(c). What is the highest common divisor of p and 4?
1
Let c be 150 + (-3 - 15 - -9). Calculate the greatest common divisor of c and 752.
47
Suppose -18*g + 15*g = -615. What is the highest common factor of 41 and g?
41
Let u(h) = 2*h**3 - 20*h**2 + 2*h - 15. Let v be u(10). Calculate the highest common divisor of 5 and v.
5
Let p = -20 - -38. Let n be 429/6 + (-15)/(-30). Calculate the greatest common divisor of n and p.
18
Let t be 1*(18 - 0) - -1. Let g be 10/210 + (-65820)/(-315). Calculate the greatest common divisor of g and t.
19
Suppose 10*y - 33 = -y. Suppose o - 3*o - 4*n + 112 = 0, 3*o - 156 = -y*n. What is the greatest common divisor of o and 96?
48
Suppose 3 = 3*s - 12. Let z(h) = h**2 + 21*h + 144. Let f be z(-13). What is the highest common divisor of s and f?
5
Suppose 23 = 5*a + 2*n - 4*n, 5*a - 22 = 3*n. Calculate the greatest common factor of 415 and a.
5
Suppose 2*g = -2*d + 3*d + 65, -g = 2*d - 40. Let v = 269 + -201. Calculate the greatest common divisor of g and v.
34
Suppose -490 = w - 2*w - 4*x, -3*w + x = -1470. Calculate the greatest common divisor of 49 and w.
49
Let q = -241 + 368. Let r = q + -97. What is the greatest common divisor of 240 and r?
30
Suppose -5*s + 20 = 30. Let t be ((-3)/s)/((-12)/(-112)). What is the highest common factor 